0
Let n(h) = -h**3 - 18*h**2 - 32*h + 5. Let r be n(-16). Suppose -a - 14 + 49 = j, 3*a + 191 = r*j. What is the tens digit of j?
3
Let n(b) = 50*b**3 + 31*b**2 - 142*b. What is the ten thousands digit of n(6)?
1
Let h(u) = u**2 - 36*u + 140. Let c be h(4). Let x = -8 + -67. Let q = c - x. What is the units digit of q?
7
Suppose -2*i - 54 + 682 = 0. Suppose 9*j - i + 872 = 0. Let r = j - -83. What is the units digit of r?
1
What is the hundreds digit of (-1 - 0/2)/(8 + (-1039601)/129948)?
6
Let n = 10940 - 4094. What is the hundreds digit of n?
8
Suppose 4*x = -z - 4536 + 27252, 4*x + 90824 = 4*z. What is the thousands digit of z?
2
Let r = 94 - 92. What is the tens digit of (-63 - 1)*(r + -4)?
2
Suppose 77*s = 7*s + 2710728 - 332968. What is the tens digit of s?
6
Let b be (-77)/308 - 1/(-4). Suppose 3*y - 2*p = -b*y + 3143, y + 3*p = 1055. What is the thousands digit of y?
1
Suppose 6220 + 19353 - 1572 = f. What is the units digit of f?
1
Let u(m) be the third derivative of 847*m**4/24 + 13*m**3/6 + 18*m**2 - 2. What is the units digit of u(1)?
0
Let u = 4207 - 3617. What is the units digit of u?
0
Let v(g) = -50*g + 35*g - 183 - 89*g - 29*g. What is the hundreds digit of v(-7)?
7
What is the thousands digit of ((-17)/(680/1712))/((-6)/5250)?
7
Suppose -2*g + 4*u - 8 = 22, -5*g + 3*u - 54 = 0. Let q = g + 14. Suppose 601 - 116 = q*m. What is the tens digit of m?
9
Let b = -221 + 227. What is the hundreds digit of (-8144)/(-36) + b/(-27)?
2
Let l be 0/(-3*(-4)/(-6)). Suppose 5*q + 3 + 27 = 0, -4*q = v + 17. Suppose -3*h + v*h - 356 = l. What is the units digit of h?
9
Let p = -20765 + 72840. What is the ten thousands digit of p?
5
Suppose -5*a - v + 6*v = -265, -3*v = -4*a + 215. Let j = 7 + a. Suppose -j = -g - 3*g - 3*r, 4*g - 43 = r. What is the tens digit of g?
1
Let o(p) = -p**3 - 6*p**2 + 5*p + 8. Let f be o(-7). Let x(l) = l**2 + 3*l - 11. What is the hundreds digit of x(f)?
5
Let m(j) = 6*j**2 - 120*j + 3380. What is the ten thousands digit of m(85)?
3
Let f(x) = -2*x - 24. Let z be f(-7). Let b be 7/28 - (10/8 - 1). What is the tens digit of ((-3 - b) + -24)*z/3?
9
Let d(j) = -11*j + 4. Let x be d(-29). Let u = -99 + x. What is the hundreds digit of u?
2
Suppose 0 = -2*a - 3*b - 1, 2*b - 4*b + 12 = -5*a. What is the tens digit of (-2)/(a*(-1)/(-148))?
4
Let u be (2 - 6)/(2/(-20)). Let b = 43 - u. Suppose 4*m = b*f + 261, -4*f - 15 = -2*m + 123. What is the tens digit of m?
6
Suppose 0 = -4*q + 4 + 4. Suppose 0 = n - 3 - 2. Suppose 17 = u - s, n*u - q*u = -4*s + 58. What is the tens digit of u?
1
Let b = 18574 - 12272. What is the hundreds digit of b?
3
What is the tens digit of (-11)/((-99)/(-22632))*(-6)/(-24)*-12?
4
Let q(k) = -k**2 - 28*k. Let d be q(-28). Suppose -5*y + 360 = -4*u - d*u, -4*y + 3*u + 288 = 0. What is the units digit of y?
2
Let b(h) = -21*h + 8183. What is the hundreds digit of b(-67)?
5
Let u = -44 + 520. Suppose -3*g + 1520 = u. What is the hundreds digit of g?
3
What is the thousands digit of 3 + (-69805)/(-35) - 100/(-175)?
1
Suppose -53*a = -60*a - 63. Let m(y) = -40*y + 32. What is the units digit of m(a)?
2
Let t = -697 - -705. Let r(w) = 136*w + 14. What is the tens digit of r(t)?
0
Suppose y - 36040 = -5*h + 25387, -4 = -h. What is the units digit of y?
7
Let a be 72/42*(2 + 2946/4). Let s = -668 + a. What is the units digit of s?
8
Suppose 109*k - 453327 - 286933 = 89*k. What is the units digit of k?
3
Let j(h) = -2*h**3 - 34*h**2 - 149*h + 17. What is the thousands digit of j(-32)?
5
What is the thousands digit of (-326640)/(-8) - (-9 + 7 + (1 - 7))?
0
Let p = -13709 + 20719. What is the hundreds digit of p?
0
Let i be (5/((-100)/15035))/((-1)/(-4)). What is the tens digit of (-288)/(-180) + i/(-5)?
0
Let g(x) = x**3 + x**2 - 10*x + 6. Let r be g(4). Let b = r + -116. Let c = b + 177. What is the units digit of c?
7
Suppose -18*u - 41 - 13 = 0. Let h(x) = -9*x**3 - 4*x**2 + 4*x + 18. What is the units digit of h(u)?
3
Suppose 142280 + 197742 = 4*o + 5*t, 2*o - 170010 = -3*t. What is the hundreds digit of o?
0
Let z be (-6)/(-9)*1 + (-2)/(-6). Let l be (z - -1) + 0 + 0. Suppose 2*i + 192 = l*x, x + 2*i + 36 = 141. What is the units digit of x?
9
Let o be ((-93)/(-3))/(9 + -10). Let z(j) = j**2 + 25*j - 100. What is the tens digit of z(o)?
8
Suppose -16363 = -5*i - 3*h + 26680, -3*i - 3*h + 25827 = 0. What is the thousands digit of i?
8
Suppose -4*b - 5021 = 4*i - 49381, 5*i = 2*b - 22152. What is the thousands digit of b?
1
Let v(p) = -p**2 - 21*p - 109. Let y be v(-10). What is the units digit of y - 0 - (450*-4 - -6)?
5
Suppose 5*i + 472 = r, -12*i + 16*i = -16. What is the tens digit of r?
5
Suppose -59 = -25*l + 41. Suppose 0 = l*n + 12, t - 2*n - 199 = -44. What is the tens digit of t?
4
Suppose -50*q + 74*q = 45*q - 95886. What is the units digit of q?
6
Let b(r) = 2*r**2 - 5*r + 2. Let i(p) = 2*p**3 - 15*p**2 - 9*p + 10. Let h be i(8). Let o be b(h). Suppose o = -6*g + 51 + 243. What is the tens digit of g?
4
Let p(b) = b**3 - 101*b**2 + 119*b - 58. What is the thousands digit of p(101)?
1
Let f(h) = -4246*h - 1009. What is the units digit of f(-7)?
3
Suppose -5*s - 17 = -2*w + 3, 5*w - 23 = -s. Let j be (5*15/300)/((-2)/(-312)). What is the units digit of (s - -5)*767/j?
9
Let b(g) be the second derivative of -23*g**3/2 + 42*g**2 + 107*g. What is the tens digit of b(-8)?
3
What is the tens digit of (-21)/35 - (-6 - 42013/5)?
0
Let l(m) be the first derivative of -41*m**2 + 21*m + 10. Let d be l(2). Let z = -105 - d. What is the tens digit of z?
3
Suppose l - 3*l - 18489 = -o, 129477 = 7*o + 4*l. What is the ten thousands digit of o?
1
Let r(j) = 2 + 4*j - 4 - j**3 + 4*j**2 + 12. Let b be r(5). Suppose b*d + 61 = -p + 548, -3*p = -4*d + 401. What is the units digit of d?
8
Let l = -2001 - 264. Let h = -1503 - l. What is the units digit of h?
2
Let w = 19 - 14. Suppose -w*u - 3*u + 80 = 0. Let q(n) = n**3 - 9*n**2 - 10*n + 8. What is the units digit of q(u)?
8
Let b = -63 - -79. Suppose 0 = b*v + 83 + 61. Let o(p) = -p**3 - 6*p**2 - 5*p - 7. What is the units digit of o(v)?
1
Let n = -4 + 16. Let k be (-8)/n - 1133/(-3). Suppose -2*c - 10 = 0, -6*c = -4*y - c + k. What is the tens digit of y?
8
Let g(a) be the first derivative of a**3/3 + a**2 - 14*a - 34. Let q be g(5). Suppose 0 = 6*b - 441 + q. What is the units digit of b?
0
Let k = -8724 - -67235. What is the ten thousands digit of k?
5
Let o(p) = -p**3 - 5*p**2 - 71*p - 25. What is the hundreds digit of o(-18)?
4
Suppose -4*p - 1 = -3*s - 4, -4*p = 2*s - 18. What is the hundreds digit of (-2602)/(-7) + s*12/126?
3
Let k be 106/6 - (-4)/12. What is the tens digit of (k/4)/(1/46)?
0
Let m be (-1)/1 + 1814 + 8/(-2). Let w = m + -1014. What is the hundreds digit of w?
7
Let s = 124 - 115. Suppose -3*k + 538 = -5*c + s*c, -553 = -3*k - c. What is the tens digit of k?
8
Suppose -25289 = -24*q - 7097. Let l = q + -321. What is the hundreds digit of l?
4
Let a(m) = m**3 - 99*m**2 - 73*m + 2366. What is the units digit of a(102)?
2
Suppose 285*u - 2554894 = 1165211. What is the units digit of u?
3
Let k = -10483 + 22176. What is the ten thousands digit of k?
1
Suppose -19 = h - 43. Let c = h - 20. Suppose -4*n + 263 = 3*z - 232, c*n - 12 = 0. What is the units digit of z?
1
Suppose 8 = 5*t - 17. Suppose -3*w - 15 = -5*g + 2*w, -2*g = -4*w. Suppose -2*c = -g, 3*a + 4*c + 76 = t*a. What is the units digit of a?
4
Suppose 9*h - 31805 - 16219 = 0. What is the tens digit of h?
3
Let t(y) = 3*y - 25. Let f be t(8). Let w(a) = 238*a**2 - a - 1. What is the units digit of w(f)?
8
Suppose 0 = 8*h - 13*h - 2*t + 205632, -3*h + 123342 = -5*t. What is the units digit of h?
4
Let o be (-3)/9 + 10/(-6). Let p(y) be the third derivative of -11*y**4/12 - 13*y**3/6 - y**2 + 22. What is the tens digit of p(o)?
3
Suppose -41*t - 16 = -45*t. Suppose p + 1750 = 4*v - p, 0 = t*v + p - 1753. What is the units digit of v?
8
Let s(y) = 0*y + y + 472 + 11*y**2 + 2*y - 405. What is the hundreds digit of s(-7)?
5
Suppose 0 = -27*f + 35593 - 1006. Let l = f - 212. What is the hundreds digit of l?
0
Let h = -40280 - -61499. What is the thousands digit of h?
1
Suppose -171*r + 90 = -169*r. Suppose 0 = -p, 5*p - 175 = -2*u + r. What is the units digit of u?
0
Let g(u) = 4*u**2